the remainder when q is divided by p?
6
Suppose 3*m - 66 = -3*p, -3*m + 4*p + 64 = 5*p. Calculate the remainder when 32 is divided by m.
11
Suppose d + 4*d = 40. Suppose -d*k - 2*k = -190. Let j = -2 + 9. Calculate the remainder when k is divided by j.
5
Suppose -2*c + u + 6 = 0, 3*u = c - 4 - 4. Let n(v) = 5*v - 7. Suppose -9 = 3*y, 3*z + 2*z - y = 28. What is the remainder when z is divided by n(c)?
2
Let c(b) = b**2 - 3*b - 15. Let q = 20 - 10. What is the remainder when c(-6) is divided by q?
9
Let o be (-1382)/(-14) + (-6)/(-21). Suppose -k - o = -5*k - u, -2*u = 5*k - 120. Calculate the remainder when k is divided by 14.
12
Let b = 58 + 45. What is the remainder when b is divided by 37?
29
Suppose 3*c + 462 = s, -s - 45 = 3*c + 411. What is the remainder when 13 is divided by c/(-34)*8/6?
1
Suppose 5*y + 5 - 4 = -4*n, 0 = -5*y + 3*n + 27. Suppose 5*f - 4*d = y*f + 44, 45 = 2*f - 3*d. Calculate the remainder when 68 is divided by f.
20
Suppose 5*o - 5*m - 27 - 18 = 0, -5*o - 2*m = -10. Calculate the remainder when 33 is divided by o.
1
Let f be 2/(-3) + (-1 - 34/(-6)). Suppose 2*p + 67 = 2*a - a, 0 = 4*p - f. Calculate the remainder when a is divided by (-69)/(-1 + -2) - -1.
21
Let w be 0 - -1 - 2 - (-8 - -2). Suppose -2*t - 3*t + 60 = 5*g, -8 = -g - 5*t. Calculate the remainder when 183/w - ((-12)/(-20) + -1) is divided by g.
11
Suppose 9*j = -145 + 487. Calculate the remainder when 56 is divided by j.
18
Let x(o) = o**2 + 4*o - 10. Let d be (-2 - -1 - -1) + -9. What is the remainder when 137 is divided by x(d)?
32
Suppose -4*w - 4*y + 24 = 0, -5*w + 4*y = -4 - 62. Suppose 2*a - 2*r = -18, -3*a + w = -r + 33. Let p = 7 - a. What is the remainder when p is divided by 5?
4
Let j = -97 + 104. What is the remainder when 19 is divided by j?
5
Suppose -2*l - 6*l + 96 = 0. Let f be (0 - -2)/2*14. Let x = f - -9. What is the remainder when x is divided by l?
11
Let h = -279 + 284. What is the remainder when 19 is divided by h?
4
Let n(r) = 4*r - 20. Let z be n(6). Calculate the remainder when ((-415)/10)/((-2)/z) is divided by 21.
20
Let w(b) = -7*b + 7. Let o be (15/10)/(3/6). Let x be w(o). Calculate the remainder when 2/14 + (-222)/x is divided by 5.
1
Suppose -15*u + 266 = -8*u. Suppose -2*k = -33 - 9. Calculate the remainder when u is divided by k.
17
What is the remainder when 469 is divided by (-590)/(-30)*(0 - -3)?
56
Let j = 31 - 52. Let h be (56/j)/(4/(-18)). Let v = h + -4. What is the remainder when v is divided by 5?
3
Let t = -597 + 738. Calculate the remainder when t is divided by 4/(-3)*(-81)/6.
15
What is the remainder when 294/4 - -2 - 42/(-28) is divided by 10?
7
Suppose -c = -4*c + i + 98, 3*i + 139 = 4*c. Let r = c + -18. Suppose -5*o = 20, -w + 2*o + r = -12. What is the remainder when w is divided by 5?
2
Let a be ((-8)/6)/(11/(-33)). Suppose 0 = 4*f + 3*x - 203, a*x + 145 = 3*f - x. Suppose 3*v + 2*v = f. What is the remainder when 17 is divided by v?
7
Suppose t + 29 = 4*v + 6*t, 5*v = -3*t + 46. Calculate the remainder when v is divided by 2*38/18 + (-18)/81.
3
Let h be (-6)/2 - (0 - (-15)/(-5)). What is the remainder when 116 is divided by (177/12 - h)/(2/8)?
57
Suppose -4*u = -7*u + u. Suppose -2*k + 106 = -u*k. What is the remainder when k is divided by (-2)/(-10) - (-89)/5?
17
Let h(j) = j**3 + 5*j**2 - 7*j - 10. What is the remainder when h(3) is divided by 6?
5
Let u(b) = 5*b**2 + 2*b - 2. Let j(g) = -g**2. Let f(x) = -6*j(x) - u(x). Calculate the remainder when f(8) is divided by 17.
16
Suppose -6*j = -16 - 2. Suppose -2*b - 3*z = -95 - 76, 351 = 4*b - j*z. Let d = 62 + -32. What is the remainder when b is divided by d?
27
Suppose -5*o - 635 = -5*w, w + o = -4*o + 109. Calculate the remainder when w is divided by (-5)/20 + 108/(-168)*(-1505)/30.
28
Suppose -9*k - 120 = -6*k. Let c = k - -43. Calculate the remainder when 5 is divided by c.
2
Let k(n) = -n**2 - 26*n + 450. What is the remainder when 212 is divided by k(11)?
40
Let r = 1552 - 667. What is the remainder when r is divided by 10?
5
Let s = 44 - 18. Let a be -2 + (s - 3)*-1. Calculate the remainder when (-4 - 1)*35/a is divided by 4.
3
Let b be 1*(0 + -1) - (-2 + 3). Let o = b + 5. What is the remainder when (1 - 1)/(-1) + 10 is divided by o?
1
Suppose -4*u + 359 - 7 = 0. Let x = u - 36. Calculate the remainder when x is divided by (-1)/(-2*(-1)/(-22)).
8
Let f(z) = -7*z - 346. Calculate the remainder when 1986 is divided by f(-55).
36
Let d = -8 - -15. Let u(z) = z**2 - 9*z - 7. Let w be u(11). Suppose w*i - 17*i + 4 = 0. Calculate the remainder when d is divided by i.
1
Let l(z) = 9*z**2 - z + 1. Let j = 26 - 24. What is the remainder when 136 is divided by l(j)?
31
Let q = 21 + -2. Suppose y - q = 1. Let x(z) = -3*z - 8. Calculate the remainder when y is divided by x(-5).
6
Let i(y) = y**2 + 2*y + 4. Suppose -4*n - 2 = -14. What is the remainder when 36 is divided by i(n)?
17
What is the remainder when 27 is divided by -19*(4/8 + 9/(-6))?
8
Let j be (108/(-45))/(-6) - (-4513)/5. Suppose j = -2*b + 9*b. Calculate the remainder when b is divided by 33.
30
Suppose a + 2*g - 108 = -a, -5*a + g = -270. Calculate the remainder when a is divided by 19.
16
Suppose -17 = -3*w - 2, w = -2*t + 179. Let i = t - 42. Suppose -5*g + g - 4*j + 48 = 0, -5*j = 0. Calculate the remainder when i is divided by g.
9
Let d be (-34)/10 - (-24)/60. Let n = 0 + d. Let o = 3 - n. Calculate the remainder when 23 is divided by o.
5
Suppose -t - 4 = -3*t. Suppose -q - 3*d - d = t, -q + 2 = 2*d. Let n(r) = 2*r**2 - 68*r + 292. What is the remainder when q is divided by n(29)?
0
Suppose 40 = 4*a - 10*j + 8*j, -a = j - 4. Let m be (-2)/11 + 656/(-22). Let d = m + 69. Calculate the remainder when d is divided by a.
7
Suppose 2*y = 24*i - 29*i + 71, -58 = -4*i - 2*y. What is the remainder when (-107)/(-3) - (-2)/6 is divided by i?
10
Suppose -5*b + 3*b = -96. Suppose 0 = -58*z + 522 + 986. Calculate the remainder when b is divided by z.
22
Let w = 340 + -322. Suppose -535 - 33 = -8*q. Calculate the remainder when q is divided by w.
17
Let m(o) = -7*o - 2. Let r be m(-2). Suppose -3*u - r = 0, -4*h + 15 = -3*u - 89. What is the remainder when h is divided by 4?
3
Let u(a) = 0*a + 4 - 5*a**2 + a - 5*a - a - a**3. Let i(r) = r**2 + 5*r + 1. Let x be i(-2). Calculate the remainder when u(x) is divided by 10.
9
Suppose 49 = -3*c + 2*b, 3*b = -c - 0*b - 20. Suppose -4*m - 172 = -168. Calculate the remainder when 3 + 0 + m - c is divided by 7.
5
Let s(z) = 8*z**2 + 5*z - 2. Let n be s(-4). Let o = n - 32. What is the remainder when o is divided by 25?
24
Let p = 1136 - 911. What is the remainder when p is divided by 46?
41
Let u = 105 + -69. Suppose -6 = 2*d - u. Suppose m = 3*x - 1, 0 = 5*m - 2*x - d - 45. What is the remainder when 67 is divided by m?
11
Let b = 1319 + -1298. What is the remainder when 47 is divided by b?
5
Suppose -76*f + 375 = -51*f. Calculate the remainder when 805 is divided by f.
10
Let f = -36 - -52. Let b be 3/(-15) - (-26)/5. Suppose o = b*m - 237, 3*m - 4*o - 246 = -97. Calculate the remainder when m is divided by f.
15
Let f(g) = 2*g - 2. Let t be f(1). Let s(v) = -8 - v + 6*v**2 + 0 + t - v + v**3. Calculate the remainder when 5 is divided by s(-6).
1
Let t be (-1)/((-2)/8 + (-3)/12). Suppose -2*q - 4*c = -54, 2*c + t*c = -4*q + 88. What is the remainder when q is divided by 4?
1
Suppose 11*l - 152 = 563. Calculate the remainder when l is divided by 11.
10
Let d(j) = -j**3 + 8*j**2 + 5*j + 8. Let t be (-2)/3*-5*(-360)/(-150). Suppose 5*h - 50 = 15. Calculate the remainder when d(t) is divided by h.
9
Suppose 2*u - 5*g - 3199 = -4*g, 5*g - 1572 = -u. Calculate the remainder when u is divided by 32.
29
Let p = 30 - 13. Suppose 2*m - 21 = 3*h, -7*m + 2*m - 4*h = -18. Calculate the remainder when p is divided by m.
5
Suppose 25 = 2*x - 17. Let n be (-2)/6 - (-51)/(-9). Calculate the remainder when x is divided by (1 - -2)*(-22)/n.
10
Let d = 112 + -78. What is the remainder when 63 is divided by d?
29
Suppose -2*n - 2546 = -4*u, -5*u - 103*n = -102*n - 3186. Calculate the remainder when u is divided by 64.
61
Suppose 4*f - 3 - 17 = 0. Let b(z) = z**3 - 3*z**2 - 2*z + 7. What is the remainder when b(f) is divided by (-42)/(-4) - (-6)/4?
11
Suppose 192 = -4*s + 5